eatest common factor of f and x.
11
Let l be (-2)/(-5) + 1581/(-15). Let v = 133 + l. What is the highest common divisor of 42 and v?
14
Let g = -269 + 299. Suppose 3*x - 239 = -0*x + c, 3*c = 5*x - 397. What is the greatest common factor of g and x?
10
Let o be (-3 - (-11)/4) + 482/8. Calculate the greatest common factor of o and 48.
12
Suppose 2*s = 97 - 25. Let h = s + -15. Calculate the highest common divisor of h and 147.
21
Let m(g) = g**2 - 85*g - 345. Let k be m(-4). Calculate the greatest common factor of 99 and k.
11
Let p = 181 + -77. Suppose -5*d + p = -d. Calculate the greatest common divisor of d and 234.
26
Let y = 45 - 126. Let f = y + 82. Calculate the highest common divisor of 11 and f.
1
Let y(p) be the first derivative of -p**4/4 + 16*p**3/3 + 7*p**2/2 + 20*p + 11. Let a be y(16). What is the highest common factor of 12 and a?
12
Let t be 8/12 - (-8)/6. What is the highest common divisor of t and 58?
2
Let v(o) = 9*o**2 - 4*o - 8. Let h be v(-2). Let z be -4*(1 + (-3)/2). Let j be z/5 + (-36)/(-10). Calculate the greatest common factor of h and j.
4
Let a be (-2)/(-14) + (-3464)/(-56). Suppose -k - 14 = -a. What is the greatest common divisor of k and 16?
16
Suppose 7*r - 169 = 55. Let c = -132 + 276. Calculate the greatest common factor of r and c.
16
Suppose 5*n - 14 = 1. Suppose -6*r + r + n*y = -535, 0 = -2*r + y + 215. What is the highest common divisor of 44 and r?
22
Suppose -k - 26 = -4*u, -3*u = -4*k + 3*k - 21. Let p = k + 10. Calculate the greatest common factor of p and 32.
4
Suppose 3*j - 121 = -s + j, -j + 353 = 3*s. What is the greatest common divisor of s and 39?
39
Let i be 209/11*8/4. What is the highest common factor of i and 209?
19
Let f(v) = v**3 + 30*v**2 - 104*v - 46. Let m be f(-33). What is the greatest common factor of m and 34?
17
Suppose h = -10 + 14. Let g be (-3)/h*-2*(-64)/(-6). What is the greatest common factor of 2 and g?
2
Suppose 3*o = 4*o - 6. Suppose 0 = -o*w + 4*w + 248. Suppose -2*d = -3*r - 92, 2*d + 0*d - w = -5*r. What is the highest common factor of d and 26?
26
Suppose 3*d = 89 + 7. Suppose 4 = -i, 2*r - 3*i - 28 = d. What is the greatest common factor of 120 and r?
24
Let k be (-6214)/(-156) - (-2)/12. What is the highest common factor of 200 and k?
40
Suppose 3*a - 36 = n, 4*a - 4*n - 53 = -n. What is the highest common divisor of 44 and a?
11
Let g = 207 - 204. What is the highest common factor of g and 27?
3
Suppose -j = -2*q - 0*q + 142, -5*q - j + 341 = 0. Suppose -3*c + q = -4*r, 5*r + 40 + 26 = 3*c. Calculate the highest common divisor of c and 18.
9
Suppose 0 = -11*l + 2094 + 348. Suppose l = -7*c + 537. What is the highest common divisor of 30 and c?
15
Suppose 0 = 8*b - 40 - 64. Suppose -14 = -3*u + b. What is the greatest common factor of 36 and u?
9
Let m(q) = q**2 - q - 13. Let n be m(-7). Let b = -37 + n. Suppose 2*w + 5 = 65. What is the highest common factor of w and b?
6
Suppose 9 = -n + 2*n. Suppose 0 = -n*y + 12*y - 18. Let f be 30/(-1)*6/(-15). Calculate the highest common factor of f and y.
6
Let a be (378/441)/(2/56). What is the greatest common factor of 15 and a?
3
Let u(t) = 4*t + 68. Let w be u(-7). Calculate the greatest common divisor of 110 and w.
10
Let c(x) = 9*x**2 + 8*x - 4. Let v be c(2). Let m = 20 - 8. What is the greatest common divisor of v and m?
12
Let h(u) = -16*u + 28. Let q(z) = 5*z - 9. Let l(x) = 3*h(x) + 10*q(x). Let w be l(5). Suppose w*n - 314 = 358. What is the greatest common factor of 21 and n?
21
Let y = -27 + 44. Let d = -882 + 950. What is the highest common divisor of d and y?
17
Let r = -14 - -18. Suppose 0 = i + r*h - 22, 0 = -5*h + h + 16. Let g be 38*1*3/i. Calculate the greatest common divisor of g and 152.
19
Suppose -1353 = -5*v + h, -4*v + 5*v + 5*h - 255 = 0. Let m be 1/(3*1/v). What is the highest common factor of m and 10?
10
Let t(l) = l**3 - 7*l**2 + 16*l - 7. Let v(i) = i - 13. Let f be v(18). Let c be t(f). Suppose 2*b = 5*b - 345. What is the greatest common divisor of b and c?
23
Suppose -84 = -12*m + 5*m. Calculate the highest common factor of m and 28.
4
Let j be 50/20*(-8)/(-10). Suppose 28 = j*v - 5*u, -4*u = 5*v - u - 8. Calculate the greatest common factor of 32 and v.
4
Suppose -5*d = -182 + 42. Suppose -2*x = -f - 0*x + d, -5*f = 5*x - 125. Calculate the greatest common divisor of f and 26.
26
Let k = 1 - 0. Suppose -5*s - 32 = -s. Let x(p) = -p**3 - 9*p**2 - 10*p - 11. Let i be x(s). Calculate the greatest common divisor of i and k.
1
Suppose -5 = -4*r + 11. Suppose -b - r*b = -760. What is the greatest common divisor of 19 and b?
19
Let w be (1*(-223)/(-4))/((-5)/(-20)). Let i = w - 124. Let u = -13 + 22. Calculate the highest common divisor of u and i.
9
Let z = -1611 + 1671. Let j(r) be the second derivative of r**4/12 - r**3/6 - 5*r**2/2 + r. Let a be j(5). What is the highest common factor of z and a?
15
Let l be (336/192)/((-2)/(-104)). What is the highest common divisor of 7 and l?
7
Suppose 0 = -8*l + 14*l - 42. Let x be -1 - -21 - (l - 6). What is the highest common divisor of x and 76?
19
Let k be (-1)/(-5) - (-4 + (-1188)/60). Calculate the greatest common divisor of 8 and k.
8
Suppose 0 = -18*f + 427 + 149. What is the highest common factor of 68 and f?
4
Let m(p) = 2*p**3 - 2*p**2 + p. Let l be m(1). Suppose a + 4*h - 34 - l = 0, -2*a + 55 = 5*h. Calculate the highest common factor of a and 105.
15
Let s(t) = t**3 + 3*t**2 + 4*t - 30. Let a be s(5). What is the highest common divisor of a and 114?
38
Let j(a) = 8*a - 1. Let n be j(1). Let i be ((-27)/(-6))/(8/(-16)). Let t be 95/2 + i/(-6). What is the highest common divisor of n and t?
7
Suppose 0 = -2*n + 167 - 47. Let i(q) = -5*q**2 + 4*q**2 + 0*q**2 - 9*q + 4. Let y be i(-5). What is the greatest common divisor of n and y?
12
Let r = -5 - -11. Suppose -2*a + 10 = 4*u, 3*a - 4*u - 44 = -a. What is the greatest common factor of a and r?
3
Suppose 0 = -i + 4, 25*q - 932 = 21*q + i. What is the highest common factor of q and 1053?
117
Let p = -107 - -271. Suppose 8*y - 948 = -p. What is the greatest common factor of y and 28?
14
Let i(u) = -37*u + 129. Let q be i(-16). What is the greatest common divisor of 7 and q?
7
Let x be 119 + -44 + (1 - 3). What is the highest common factor of 1314 and x?
73
Let m be (90/20)/(2/(-304)*-3). Calculate the greatest common factor of 171 and m.
57
Suppose -4*v - 2*j + 248 = 0, 0*j = 2*v - 2*j - 130. Suppose 4*p + 126 = 10*p. What is the highest common divisor of v and p?
21
Let k(j) = -16*j**3 + 6*j + 5. Let u be k(-1). What is the highest common divisor of 1830 and u?
15
Let d = 266 - 2. Calculate the greatest common divisor of d and 33.
33
Let k be -2 - 0 - (4 + -46). Let j be (-12)/(-10)*k/3. What is the greatest common factor of 2 and j?
2
Let i = -9 - -11. Suppose 38 = 5*j + c, 5*j - 24 = j - 4*c. Calculate the highest common divisor of j and i.
2
Let v be ((-6)/(-30) - (-908)/10) + 1. Calculate the greatest common factor of v and 2116.
92
Let x = -152 - -157. Calculate the greatest common factor of x and 12.
1
Let o = 50 - 50. Suppose o = 5*y + 29 - 79. What is the highest common factor of y and 35?
5
Suppose -23*o = -14*o - 324. Calculate the highest common factor of 4 and o.
4
Suppose 374 + 8518 = 156*m. Let d be (-2)/(-7) + (-1060)/(-14). Calculate the greatest common divisor of m and d.
19
Let f be (4 + -7 + 3)/3. Suppose f = 3*a - 65 - 79. Calculate the highest common factor of a and 8.
8
Let r(j) be the third derivative of j**4/24 - 2*j**3/3 - 2*j**2. Let d be r(9). What is the highest common divisor of 10 and d?
5
Let i = 322 - 290. Suppose 0 = 4*w - 2*w - 64. Calculate the greatest common divisor of w and i.
32
Suppose -4*c = -5 - 3. Suppose -3*d + 2*i + 0*i = 2, c*i - 2 = -5*d. Suppose d*l = 4*l - 36. What is the greatest common factor of l and 9?
9
Let k(g) = 9*g**2. Suppose 0 = -4*a - a + 5. Let q be k(a). Let n be 5/(-2)*24/(-10). What is the greatest common divisor of q and n?
3
Let z be (8/(-2))/16 + 30/(-8). Let n be (-1)/(-4) - 172/(-16). Let u be n/2 + z/(-8). Calculate the greatest common divisor of u and 12.
6
Let c = -34 + 48. Let b be (-40)/(-22) + 16/88. Suppose -4*x - 4 = 0, -4*x = -b*v - v + 340. What is the highest common divisor of c and v?
14
Let w = -46 - -18. L